{"id":204,"date":"2020-03-04T15:29:16","date_gmt":"2020-03-04T13:29:16","guid":{"rendered":"http:\/\/dentischelehre.home.blog\/?page_id=204"},"modified":"2020-03-04T15:29:16","modified_gmt":"2020-03-04T13:29:16","slug":"o-tone-studierende","status":"publish","type":"page","link":"https:\/\/sichtbarmachen-studentischer-forschung.blogs.uni-hamburg.de\/?page_id=204","title":{"rendered":"O-T\u00f6ne Studierende"},"content":{"rendered":"\n<blockquote class=\"wp-block-quote is-layout-flow wp-block-quote-is-layout-flow\"><p>&#8222;Ich finde, dass die StuFo eine tolle M\u00f6glichkeit f\u00fcr Studierende ist, aus der Uni rauszugehen und von anderen Interessierten neuen Input zu bekommen&#8220;<\/p><cite>Patrick Hover, Ruhr-Universit\u00e4t Bochum<\/cite><\/blockquote>\n\n\n\n<blockquote class=\"wp-block-quote is-layout-flow wp-block-quote-is-layout-flow\"><p>Ich habe gerade meinen Vortrag gehalten und fand enorm spannend zu sehen, wie andere Disziplinen Nachfragen stellen und den Vortrag aus ganz anderen Perspektiven beleuchten, die ich vorher noch nie in Erw\u00e4gung gezogen hatte.<\/p><cite>Maya Jacobsen. Christian-Albrechts-Universit\u00e4t zu Kiel<\/cite><\/blockquote>\n\n\n\n<blockquote class=\"wp-block-quote is-layout-flow wp-block-quote-is-layout-flow\"><p>Die StuFo war ein abgefahrener Mix aus v\u00f6llig verschiedenen Forschungsprojekten und Lehrprojekten, man hat viele neue Impulse von allen m\u00f6glichen Seiten bekommen, in die man einfach mal reinh\u00f6ren konnte.<\/p><cite>Bjarne Lotze, Technische Universit\u00e4t Berlin<\/cite><\/blockquote>\n","protected":false},"excerpt":{"rendered":"<p>&#8222;Ich finde, dass die StuFo eine tolle M\u00f6glichkeit f\u00fcr Studierende ist, aus der Uni rauszugehen und von anderen Interessierten neuen Input zu bekommen&#8220; Patrick Hover, Ruhr-Universit\u00e4t Bochum Ich habe gerade meinen Vortrag gehalten und fand enorm spannend zu sehen, wie&#8230; <a class=\"more-link\" href=\"https:\/\/sichtbarmachen-studentischer-forschung.blogs.uni-hamburg.de\/?page_id=204\">Weiterlesen &rarr;<\/a><\/p>\n","protected":false},"author":4,"featured_media":0,"parent":0,"menu_order":0,"comment_status":"closed","ping_status":"closed","template":"","meta":{"footnotes":""},"class_list":["post-204","page","type-page","status-publish","hentry"],"_links":{"self":[{"href":"https:\/\/sichtbarmachen-studentischer-forschung.blogs.uni-hamburg.de\/index.php?rest_route=\/wp\/v2\/pages\/204","targetHints":{"allow":["GET"]}}],"collection":[{"href":"https:\/\/sichtbarmachen-studentischer-forschung.blogs.uni-hamburg.de\/index.php?rest_route=\/wp\/v2\/pages"}],"about":[{"href":"https:\/\/sichtbarmachen-studentischer-forschung.blogs.uni-hamburg.de\/index.php?rest_route=\/wp\/v2\/types\/page"}],"author":[{"embeddable":true,"href":"https:\/\/sichtbarmachen-studentischer-forschung.blogs.uni-hamburg.de\/index.php?rest_route=\/wp\/v2\/users\/4"}],"replies":[{"embeddable":true,"href":"https:\/\/sichtbarmachen-studentischer-forschung.blogs.uni-hamburg.de\/index.php?rest_route=%2Fwp%2Fv2%2Fcomments&post=204"}],"version-history":[{"count":0,"href":"https:\/\/sichtbarmachen-studentischer-forschung.blogs.uni-hamburg.de\/index.php?rest_route=\/wp\/v2\/pages\/204\/revisions"}],"wp:attachment":[{"href":"https:\/\/sichtbarmachen-studentischer-forschung.blogs.uni-hamburg.de\/index.php?rest_route=%2Fwp%2Fv2%2Fmedia&parent=204"}],"curies":[{"name":"wp","href":"https:\/\/api.w.org\/{rel}","templated":true}]}}